 + 2. Let p(o) = 3*i(o) + 4*y(o). What are the prime factors of p(2)?
7, 13
Let c = -49 + 249. Let z = c + -70. What are the prime factors of z?
2, 5, 13
Let o(p) = 70*p**2 - 2*p + 1. Let v be o(1). Suppose -3*r - 2*l = -0*l - 10, -5*l = -5*r + 25. What are the prime factors of r/(-6) - v/(-9)?
7
Suppose -j + 3*j = -2*j. What are the prime factors of 1224/20*(j + 10/3)?
2, 3, 17
Let u(i) = 110 - 31 - 44 - 7*i. What are the prime factors of u(-16)?
3, 7
Let v = 16 - 14. Suppose 6*t + 20 = 2*t, 570 = 4*m + v*t. Let h = m + -76. What are the prime factors of h?
3, 23
Let i(x) = 3*x + 72. Let h be i(0). Suppose -3*u - 9 = -h. What are the prime factors of u?
3, 7
Suppose -2*z + 3*b = 26, -z - 7*b + 2*b + 13 = 0. Let a(o) = -2*o - 23. Let v be a(z). Let l(r) = r**3 + 10*r**2 + 7*r - 4. What are the prime factors of l(v)?
2, 7
Let v(s) = -s**3 - 8*s**2 - 2*s - 12. Let w be v(-8). What are the prime factors of 1/w*(-16 + 140)?
31
Let d(c) = 129*c**2 + 21*c - 23. What are the prime factors of d(3)?
1201
Let j(v) = v**2 + 14*v - 42. Let n(u) = 2*u**2 + 13*u - 41. Let l(k) = -4*j(k) + 3*n(k). What are the prime factors of l(17)?
2, 167
Suppose -2*h = 4*h - 270. What are the prime factors of (40/(-6))/((-30)/h)?
2, 5
Suppose -5*g + 125 = -0*g. Let f = g + 61. What are the prime factors of f?
2, 43
Suppose -2*j + 4*j - 5*d - 820 = 0, -5*d = -10. List the prime factors of j.
5, 83
Let n(s) = s + 14. Let g be n(-12). Suppose g*r - 2 - 6 = 0. Suppose -k = r*a - 52, 0*k + 2*a - 146 = -3*k. What are the prime factors of k?
2, 3
Suppose -k - 3*a + 159 = 0, 5*k - 5*a - 591 = 304. List the prime factors of k.
2, 3, 29
Suppose 7*q - 5*q - 6 = 0. Suppose -3*d = -3*p - 117, -6*p = -q*d - 4*p + 121. List the prime factors of d.
43
Suppose 21*j = -j + 1364. List the prime factors of j.
2, 31
Let d = -75 - -77. Let k be (-2)/(-4) - (-21)/14. Suppose -l + 5 = 4*c - 3*c, -k*c = -d*l + 30. What are the prime factors of l?
2, 5
Let c = 2466 - 1024. List the prime factors of c.
2, 7, 103
Suppose -303 = -2*l - 2*w + 83, 3*l = -4*w + 574. List the prime factors of l.
2, 3, 11
Let p = -470 + 2456. List the prime factors of p.
2, 3, 331
Let k = -14 - -811. List the prime factors of k.
797
Let t = 120 + -56. Let f = -6 + t. List the prime factors of f.
2, 29
Suppose -3*m = 5 + 7. Let o(s) = 12*s**2 + 5*s - 10. What are the prime factors of o(m)?
2, 3
Suppose -j + 5*j = -4*f + 2604, -f - 3*j + 647 = 0. List the prime factors of f.
653
List the prime factors of 180/((-171)/120 - 21/(-14)).
2, 3, 5
Let i(y) = 84*y**3 + 9*y**2 - 17*y - 1. What are the prime factors of i(4)?
3, 23, 79
Let f(a) = 7*a + 15*a**2 + 17 + 0 - a**2 + 1 - a**3. Let u be f(14). Suppose -3*x + u = -13. List the prime factors of x.
43
Let q = -140 + 3033. What are the prime factors of q?
11, 263
Let x(g) = g**2 - 5*g - 4. Let y be x(6). Suppose -141 = -3*o + y*v, -2*o = -3*v - 47 - 47. What are the prime factors of o?
47
Let c(n) = 22*n**2 + 4*n + 3. Let d be (-11 - -14)/(3/(-2)). What are the prime factors of c(d)?
83
Suppose u = 2*u, -u = -3*h + 6882. List the prime factors of h.
2, 31, 37
List the prime factors of 3 + 825 + 2*(-6)/(-4).
3, 277
List the prime factors of (5/(-15))/(((-4)/9564)/1).
797
Suppose 29*w - 7942 = 10*w. List the prime factors of w.
2, 11, 19
Suppose 0 = -4*n + 7*l - 3*l - 196, -2*l = -5*n - 242. What are the prime factors of 1*21*(-368)/n?
7, 23
Suppose k - 2*k + 2 = q, -5*q = -4*k - 37. Suppose 0 = q*l + 5 - 265. What are the prime factors of (-39)/l - (-23)/4?
5
Let y(l) = 14*l**2 - 1. Let a be y(-1). Let q = 518 - 484. Let k = a + q. What are the prime factors of k?
47
Let h = 4 - 1. Let n(z) = -1 + h*z**2 + 26*z + 3 - 23*z. What are the prime factors of n(-2)?
2
Suppose -30 - 9 = -3*d. Suppose -14 = -y + d. What are the prime factors of y?
3
Let l be (-2472)/(-10) + (-15)/75. Let i = l + -121. List the prime factors of i.
2, 3, 7
Let x be 158/3 - 12/18. Suppose 0 = 3*q - x - 80. Suppose 0 = -5*l - q + 134. List the prime factors of l.
2, 3
Suppose 0*n + 20 = 4*i - 3*n, 2*i - 10 = -4*n. Suppose i*k - 35 = -0*k. What are the prime factors of (-105)/k*(-42)/10?
3, 7
Let k(d) = -d - 9. Suppose 2*b - b - 3*l = -6, 3*b + l + 28 = 0. Let a be k(b). Suppose a*r = r - 29. What are the prime factors of r?
29
Let g = -79 - -108. Suppose -1026 = 23*f - g*f. What are the prime factors of f?
3, 19
Suppose 2 = -2*j + 3*p, 4*j + 0*p - 8 = 3*p. Suppose 3*g + 0*g - i = 7, -j*i = -3*g + 11. List the prime factors of 21 + -6 - g*-1.
17
Let i = -120 - -122. What are the prime factors of (-2)/i - 966/(-3)?
3, 107
Let v(j) = 9*j - 7. Let n be v(1). Suppose n*q - 1694 = -5*b, -119 = -b + 5*q + 209. What are the prime factors of b?
2, 13
Let v be (16 + -21)/(0 + -1). Suppose m + v*t - 36 = 0, -2*t + 53 = 3*m + 2*t. Suppose 67 = 4*r + m. What are the prime factors of r?
2, 7
Let m be 20*((-36)/(-10) + (-1 - -1)). Let p = m - 54. List the prime factors of p.
2, 3
Suppose 2*g + 5*t - 79 = 0, 0 = -g + t + 4*t + 2. What are the prime factors of 1452/g - (-8)/36?
2, 3
Let d = 597 + -174. List the prime factors of d.
3, 47
Let h = 11 - 11. Let g be 3 - 2 - (1 + h). Suppose -4*i + 7 + 181 = g. What are the prime factors of i?
47
Let b = -42 + -139. Let t = b + 288. Let c = t - 76. List the prime factors of c.
31
Let z = 43 - 43. Suppose 0 = -4*h - 0*f - 2*f + 272, 4*h + 5*f - 284 = z. What are the prime factors of h?
2, 3, 11
Let s(v) = 130*v**2 + 2*v + 1. Let t be s(-1). Let w = t - 70. What are the prime factors of w?
59
Let k(t) be the second derivative of t**5/20 - 3*t**4/4 + 7*t**3/6 + 17*t**2/2 - 34*t. List the prime factors of k(9).
2, 5
What are the prime factors of 6/(-3) - 9/6*-878?
5, 263
Suppose 59*r - 13*r - 48622 = 0. List the prime factors of r.
7, 151
Let l = -364 + 620. List the prime factors of l.
2
Suppose 5*g - 2*w = -22, 1 + 8 = -g + 5*w. Let n be 0/(-2) - (g + 4). Suppose n = -5*l - 2*m + 193, l + 8*m = 3*m + 34. List the prime factors of l.
3, 13
Let o = -93 - -175. Let b = o + -39. Let m = -9 + b. List the prime factors of m.
2, 17
Suppose -370 = 37*t - 17427. List the prime factors of t.
461
What are the prime factors of (-33 + -5064)*((-2 - 0) + 1)?
3, 1699
Let r be (61 + -56)*(0 + -1)/(-1). Suppose 39 = 4*i - r*h - 26, 4*h = -4*i + 56. List the prime factors of i.
3, 5
Suppose -18538 = -34*m + 59152. What are the prime factors of m?
5, 457
Suppose 0 = -2*a + 8, 1543 + 379 = 2*d - 5*a. What are the prime factors of d?
971
Let b(p) be the second derivative of p**4/4 - p**3/3 + 2*p**2 - 9*p. List the prime factors of b(-3).
37
Let b = 14 - 10. Suppose 6*y = 2 + 4. List the prime factors of (y - b)*155/(-15).
31
Suppose 5*t - 125 = -0*t. Suppose 4*f = -o + t, -5*f - 26 = -o + 35. What are the prime factors of o?
41
Let t(z) = 22*z**2 + 28*z - 27. List the prime factors of t(6).
3, 311
Suppose 6*m = 2*m + 8. What are the prime factors of (-9 + -87)*m/(-3)?
2
Suppose 4*c - 1961 = 3*m, 3*m = -c + 7*m + 487. What are the prime factors of c?
491
Let c(q) = q**3 + 5*q**2 - 5*q + 8. Let h be (-2)/(-7) + (-88)/14. Let n be c(h). Suppose -f + 4*k + 19 = -18, 2*f - n*k = 62. List the prime factors of f.
29
Let g = -177 + 253. Let l = -67 + g. What are the prime factors of l?
3
Suppose 4*q - 2*t - 45 = -175, -5*q = t + 166. Let h(z) = z**3 + z - 31. Let s be h(0). Let m = s - q. List the prime factors of m.
2
Suppose 15 = -3*b + 69. Let d be (-3)/6 + b/4. Suppose -4 = -d*x, -3*g - 3*x + 8*x = -22. What are the prime factors of g?
3
Suppose 5*j - 3 = 17. Suppose -4*i - i - j*s = 3, -4*s = -4*i + 12. Suppose -2*p + 47 = -i. What are the prime factors of p?
2, 3
Let w be (-1)/(-1 - 0)*1. Let n be 4/1*w/2. What are the prime factors of (-512)/(-28) + n/(-7)?
2, 3
Let o = -101 + 245. Let l be 44/11 + (2 - 12/2). Suppose l*c - o = -4*c. What are the prime factors of c?
2, 3
Let s(f) = f**2 - 3*f + 6. Suppose 2*j = 44 - 18. Let d = j + -8. List the prime factors of s(d).
2
Suppose 3*v = -17 - 10. Suppose -2*r = -78 - 48. Let g = v + r. What are the prime factors of g?
2, 3
Suppose -5*p + y = -74, 0 = -p - 3*p - y + 52. Let c = p - 8. Suppose -c*d = -8*d + 58. List the prime factors of d.
29
Suppose -3*x = -182 - 484. List the prime factors of x.
2, 3, 37
Let s = 793 + -437. What are the prime factors of